{"id":81,"date":"2016-08-02T21:04:26","date_gmt":"2016-08-02T21:04:26","guid":{"rendered":"http:\/\/avepsi.org.ve\/site\/?page_id=81"},"modified":"2026-03-19T14:22:59","modified_gmt":"2026-03-19T14:22:59","slug":"eventos","status":"publish","type":"page","link":"https:\/\/avepsi.org.ve\/site\/eventos\/","title":{"rendered":"Eventos"},"content":{"rendered":"\t\t<div data-elementor-type=\"wp-page\" data-elementor-id=\"81\" class=\"elementor elementor-81\">\n\t\t\t\t\t\t<section class=\"elementor-section elementor-top-section elementor-element elementor-element-2a569405 elementor-section-boxed elementor-section-height-default elementor-section-height-default\" data-id=\"2a569405\" data-element_type=\"section\" data-e-type=\"section\">\n\t\t\t\t\t\t<div class=\"elementor-container elementor-column-gap-default\">\n\t\t\t\t\t<div class=\"elementor-column elementor-col-100 elementor-top-column elementor-element elementor-element-1425acba\" data-id=\"1425acba\" data-element_type=\"column\" data-e-type=\"column\">\n\t\t\t<div class=\"elementor-widget-wrap elementor-element-populated\">\n\t\t\t\t\t\t<div class=\"elementor-element elementor-element-e3daac1 elementor-widget elementor-widget-heading\" data-id=\"e3daac1\" data-element_type=\"widget\" data-e-type=\"widget\" data-widget_type=\"heading.default\">\n\t\t\t\t<div class=\"elementor-widget-container\">\n\t\t\t\t\t<h2 class=\"elementor-heading-title elementor-size-default\">ACTIVIDADES CIENTIFICAS INTERNACIONALES 2026<\/h2>\t\t\t\t<\/div>\n\t\t\t\t<\/div>\n\t\t\t\t<div class=\"elementor-element elementor-element-2146e9bb elementor-widget elementor-widget-text-editor\" data-id=\"2146e9bb\" data-element_type=\"widget\" data-e-type=\"widget\" data-widget_type=\"text-editor.default\">\n\t\t\t\t<div class=\"elementor-widget-container\">\n\t\t\t\t\t\t\t\t\t<p>Asociaci\u00f3n Espa\u00f1ola de Psicolog\u00eda Cl\u00ednica y Psicopatolog\u00eda. IV Congreso Internacional. Madrid. Marzo 12-14\/2026<\/p><p>Asociaci\u00f3n Mundial de Psicoan\u00e1lisis. XV Congreso de la AMP. Paris. Abril 30-Mayo 03<\/p><p><blockquote class=\"wp-embedded-content\" data-secret=\"saiNmzX7h8\"><a href=\"https:\/\/congresamp.com\/congreso\/programa\/\">Programa<\/a><\/blockquote><iframe class=\"wp-embedded-content\" sandbox=\"allow-scripts\" security=\"restricted\" style=\"position: absolute; visibility: hidden;\" title=\"\u00abPrograma\u00bb \u2014 XV Congreso AMP\" src=\"https:\/\/congresamp.com\/congreso\/programa\/embed\/#?secret=6wzBwAPPvV#?secret=saiNmzX7h8\" data-secret=\"saiNmzX7h8\" width=\"500\" height=\"282\" frameborder=\"0\" marginwidth=\"0\" marginheight=\"0\" scrolling=\"no\"><\/iframe><\/p><p>\u00a0<\/p><p><strong>Asociaci\u00f3n\u00a0 Americana de Psicolog\u00eda\u00a0 (APA)<br \/><\/strong><span style=\"font-style: inherit; font-family: var( --e-global-typography-text-font-family ), Sans-serif; background-color: var(--ast-global-color-5);\">Agosto 06-08\/2026 Washington DC<br \/><\/span><a href=\"https:\/\/www.apa.org\/\">https:\/\/www.apa.org\/<\/a><\/p><p><b>Reuni\u00f3n Anual Asociaci\u00f3n Psiqui\u00e1trica Americana .<br \/><\/b><a href=\"https:\/\/www.apa.org\/\">https:\/\/www.apa.org\/<\/a><br \/><span style=\"font-style: inherit; font-weight: inherit; color: var( --e-global-color-text ); font-family: var( --e-global-typography-text-font-family ), Sans-serif; background-color: var(--ast-global-color-5);\">Mayo 16-20\/2026. New York. USA<\/span><\/p><p><strong><span style=\"font-style: inherit; color: var( --e-global-color-text ); font-family: var( --e-global-typography-text-font-family ), Sans-serif; background-color: var(--ast-global-color-5);\">Congreso Relates 2026<br \/><\/span><\/strong><span style=\"font-style: inherit; color: var( --e-global-color-text ); font-family: var( --e-global-typography-text-font-family ), Sans-serif; background-color: var(--ast-global-color-5);\">Pucon. Chile Octubre 29-31<\/span><strong><span style=\"font-style: inherit; color: var( --e-global-color-text ); font-family: var( --e-global-typography-text-font-family ), Sans-serif; background-color: var(--ast-global-color-5);\"><br \/><\/span><\/strong><span style=\"font-style: inherit; font-weight: inherit; color: var( --e-global-color-text ); font-family: var( --e-global-typography-text-font-family ), Sans-serif; background-color: var(--ast-global-color-5);\"><a href=\"https:\/\/www.congresopsicoterapia.cl\/\">https:\/\/www.congresopsicoterapia.cl\/<\/a><\/span><\/p><p><strong style=\"font-style: inherit; color: var( --e-global-color-text ); font-family: var( --e-global-typography-text-font-family ), Sans-serif; background-color: var(--ast-global-color-5);\">International Psychoanalytic Assotiation (IPA)<br \/><\/strong><\/p><p><strong><span dir=\"auto\">5\u00aa Conferencia Asia-Pac\u00edfico,\u00a0 29 de abril al 1 de mayo de 2026 en Se\u00fal, Corea\u00a0 <\/span><a href=\"http:\/\/www.ipa.world\/seoul\"><span dir=\"auto\">del Sur\u00a0<\/span><\/a><span dir=\"auto\">.<\/span><\/strong><\/p><p><a style=\"font-style: inherit; font-weight: inherit; background-color: #ffffff;\" href=\"https:\/\/www.ipa.world\/\">https:\/\/www.ipa.world\/\u00a0<\/a><\/p><p>\u00a0<\/p><p><strong>Congreso Internacional ALAMOC.<\/strong><br \/>Asociaci\u00f3n Latinoamericana de An\u00e1lisis, Modificaci\u00f3n del Comportamiento y Terapia Cognitiva Conductual<br \/><a href=\"https:\/\/alamoc-web.org\/\">https:\/\/alamoc-web.org\/<\/a><br \/><span style=\"font-style: inherit; font-weight: inherit; color: var( --e-global-color-text ); font-family: var( --e-global-typography-text-font-family ), Sans-serif; background-color: var(--ast-global-color-5);\">Sept 02-05\/2026.\u00a0 Belo Horizonte. Brasil<\/span><b><\/b><\/p><p><br \/><a href=\"https:\/\/www.efta-relates2025.com\/es\/\">https:\/\/www.efta-relates2025.com\/es\/<\/a><\/p><p>Federaci\u00f3n Mundial de Psicoterapia<\/p><p>24 vo Congreso Anual de Psicoterapia<\/p><p>Junio 04-06\/2026. New York<\/p><p><a href=\"https:\/\/wfpsychotherapy.org\/world-congress-of-psychotherapy\/\">https:\/\/wfpsychotherapy.org\/world-congress-of-psychotherapy\/<\/a><\/p><p>\u00a0<\/p><p><span style=\"font-style: inherit; font-weight: inherit; color: var( --e-global-color-text ); font-family: var( --e-global-typography-text-font-family ), Sans-serif; background-color: var(--ast-global-color-5);\">\u00a0<\/span><\/p><p><span style=\"font-style: inherit; font-weight: inherit; color: var( --e-global-color-text ); font-family: var( --e-global-typography-text-font-family ), Sans-serif; background-color: var(--ast-global-color-5);\">\u00a0<\/span><\/p>\t\t\t\t\t\t\t\t<\/div>\n\t\t\t\t<\/div>\n\t\t\t\t\t<\/div>\n\t\t<\/div>\n\t\t\t\t\t<\/div>\n\t\t<\/section>\n\t\t\t\t<\/div>\n\t\t","protected":false},"excerpt":{"rendered":"<p>ACTIVIDADES CIENTIFICAS INTERNACIONALES 2026 Asociaci\u00f3n Espa\u00f1ola de Psicolog\u00eda Cl\u00ednica y Psicopatolog\u00eda. IV Congreso Internacional. Madrid. Marzo 12-14\/2026 Asociaci\u00f3n Mundial de [&hellip;]<\/p>\n","protected":false},"author":1,"featured_media":0,"parent":0,"menu_order":0,"comment_status":"closed","ping_status":"closed","template":"","meta":{"site-sidebar-layout":"default","site-content-layout":"","ast-site-content-layout":"default","site-content-style":"default","site-sidebar-style":"default","ast-global-header-display":"","ast-banner-title-visibility":"","ast-main-header-display":"","ast-hfb-above-header-display":"","ast-hfb-below-header-display":"","ast-hfb-mobile-header-display":"","site-post-title":"","ast-breadcrumbs-content":"","ast-featured-img":"","footer-sml-layout":"","ast-disable-related-posts":"","theme-transparent-header-meta":"default","adv-header-id-meta":"","stick-header-meta":"","header-above-stick-meta":"","header-main-stick-meta":"","header-below-stick-meta":"","astra-migrate-meta-layouts":"set","ast-page-background-enabled":"default","ast-page-background-meta":{"desktop":{"background-color":"var(--ast-global-color-4)","background-image":"","background-repeat":"repeat","background-position":"center center","background-size":"auto","background-attachment":"scroll","background-type":"","background-media":"","overlay-type":"","overlay-color":"","overlay-opacity":"","overlay-gradient":""},"tablet":{"background-color":"","background-image":"","background-repeat":"repeat","background-position":"center center","background-size":"auto","background-attachment":"scroll","background-type":"","background-media":"","overlay-type":"","overlay-color":"","overlay-opacity":"","overlay-gradient":""},"mobile":{"background-color":"","background-image":"","background-repeat":"repeat","background-position":"center center","background-size":"auto","background-attachment":"scroll","background-type":"","background-media":"","overlay-type":"","overlay-color":"","overlay-opacity":"","overlay-gradient":""}},"ast-content-background-meta":{"desktop":{"background-color":"var(--ast-global-color-5)","background-image":"","background-repeat":"repeat","background-position":"center center","background-size":"auto","background-attachment":"scroll","background-type":"","background-media":"","overlay-type":"","overlay-color":"","overlay-opacity":"","overlay-gradient":""},"tablet":{"background-color":"var(--ast-global-color-5)","background-image":"","background-repeat":"repeat","background-position":"center center","background-size":"auto","background-attachment":"scroll","background-type":"","background-media":"","overlay-type":"","overlay-color":"","overlay-opacity":"","overlay-gradient":""},"mobile":{"background-color":"var(--ast-global-color-5)","background-image":"","background-repeat":"repeat","background-position":"center center","background-size":"auto","background-attachment":"scroll","background-type":"","background-media":"","overlay-type":"","overlay-color":"","overlay-opacity":"","overlay-gradient":""}},"footnotes":""},"class_list":["post-81","page","type-page","status-publish","hentry"],"_links":{"self":[{"href":"https:\/\/avepsi.org.ve\/site\/wp-json\/wp\/v2\/pages\/81","targetHints":{"allow":["GET"]}}],"collection":[{"href":"https:\/\/avepsi.org.ve\/site\/wp-json\/wp\/v2\/pages"}],"about":[{"href":"https:\/\/avepsi.org.ve\/site\/wp-json\/wp\/v2\/types\/page"}],"author":[{"embeddable":true,"href":"https:\/\/avepsi.org.ve\/site\/wp-json\/wp\/v2\/users\/1"}],"replies":[{"embeddable":true,"href":"https:\/\/avepsi.org.ve\/site\/wp-json\/wp\/v2\/comments?post=81"}],"version-history":[{"count":21,"href":"https:\/\/avepsi.org.ve\/site\/wp-json\/wp\/v2\/pages\/81\/revisions"}],"predecessor-version":[{"id":3675,"href":"https:\/\/avepsi.org.ve\/site\/wp-json\/wp\/v2\/pages\/81\/revisions\/3675"}],"wp:attachment":[{"href":"https:\/\/avepsi.org.ve\/site\/wp-json\/wp\/v2\/media?parent=81"}],"curies":[{"name":"wp","href":"https:\/\/api.w.org\/{rel}","templated":true}]}}